{"id":783,"date":"2021-01-05T21:53:59","date_gmt":"2021-01-05T21:53:59","guid":{"rendered":"https:\/\/ukkodemakka.de\/?page_id=783"},"modified":"2021-11-29T16:10:57","modified_gmt":"2021-11-29T16:10:57","slug":"sichtbarkeit","status":"publish","type":"page","link":"https:\/\/ukkodemakka.de\/?page_id=783","title":{"rendered":"SichtBarkeit"},"content":{"rendered":"\n<p style=\"font-size:22px\">Infos I Schnittstelle I Links I Adressen<\/p>\n\n\n\n<p>auf dieser Seite findet Ihr jede menge Infos. Die Seite wird stetig erweitert.<\/p>\n\n\n\n<p>Liebe Gr\u00fc\u00dfe Eure SichtBar<\/p>\n\n\n\n<p><\/p>\n\n\n\n<p style=\"font-size:22px\"><strong>Links<\/strong><\/p>\n\n\n\n<p><a href=\"https:\/\/wortmoment.webnode.com\/\">https:\/\/wortmoment.webnode.com\/<\/a><\/p>\n\n\n\n<p style=\"font-size:22px\"><strong>Safer Spaces\/ Adressen\/ Vereine<\/strong>\/ <strong>Empowerment f\u00fcr BIPoCs<\/strong><\/p>\n\n\n\n<p style=\"font-size:33px\"><strong>Vereine<\/strong><\/p>\n\n\n\n<p style=\"font-size:22px\"><a href=\"https:\/\/www.eoto-archiv.de\/\"><strong>https:\/\/www.eoto-archiv.de\/<\/strong><\/a><\/p>\n\n\n\n<p><strong>Each One Teach One (EOTO) e.V.<\/strong>&nbsp;ist ein Community-basiertes Bildungs- und Empowerment-Projekt in Berlin. Im Jahr 2012 gegr\u00fcndet, er\u00f6ffnete der Verein im M\u00e4rz 2014 als Kiez-Bibliothek seine T\u00fcren und ist seither ein Ort des Lernens und der Begegnung. EOTO e.V. setzt sich gemeinsam mit anderen Organisationen f\u00fcr die Interessen Schwarzer, afrikanischer und afrodiasporischer Menschen in Deutschland und Europa ein.<\/p>\n\n\n\n<p style=\"font-size:22px\"><a href=\"https:\/\/www.facebook.com\/BrasilNil%C3%AA-eV-Kulturverein-657901977679152\/\"><strong>BrasilNil\u00ea e.V. Kulturverein<\/strong><\/a><\/p>\n\n\n\n<p style=\"font-size:22px\"><a href=\"http:\/\/migrationhub-heidelberg.org\/\"><strong>Migrationhub-heidelberg.org<\/strong><\/a><\/p>\n\n\n\n<p><strong>Der Migration Hub Heidelberg<\/strong> ist ein Netzwerk in der Rhein-Neckar Region. Wir verstehen Migration als gelebte Realit\u00e4t. Dieses Ziel leitet unsere Arbeit auf allen gesellschaftlichen Ebenen f\u00fcr Migrant*innen, ihre Initiativen als auch lokale Akteur*innen im Bereich Migration und Antirassismus. Wir geben der Perspektive von Menschen mit Migrationsgeschichte Raum, indem wir ihr Engagement st\u00e4rken. Hierf\u00fcr bieten wir ihnen R\u00e4ume, Netzwerke und bedarfsorientierte Unterst\u00fctzung an. Unser Hub dient als physischer Ort des Austausches und der Kooperation f\u00fcr ein nachhaltiges und zielgerichtetes Engagement.<\/p>\n\n\n\n<p>                                                                                                                    <strong>Wien<\/strong>                                                                                                            Die <strong>SFC<\/strong> (Schwarze Frauen Community) ist eine Initiative von schwarzen Frauen*&nbsp; unterschiedlichster Herkunft und Nationalit\u00e4t, die gemeinsam&nbsp; Selbstbewusstsein, Selbstbestimmung und Selbstorganisation schwarzer Frauen, Kinder- und Jugendlicher f\u00f6rdern und unterst\u00fctzen. Weitere Infos unter: <\/p>\n\n\n\n<p><a href=\"https:\/\/www.schwarzefrauencommunity.at\/\">Schwarze Frauen Community<\/a><\/p>\n\n\n\n<h4 class=\"wp-block-heading\" style=\"font-size:22px\"><strong>RomaniPhen e.V.<br>Verein von Romnja* und Sintezzi*<\/strong><\/h4>\n\n\n\n<p><a href=\"http:\/\/www.romnja-power.de\/?fbclid=IwAR0C8e7DWCz2qooNTFzjHGpvt3C8ydk2RJtR3-SmtJSCZtKS8_JmifGaVv4\" data-type=\"URL\" data-id=\"http:\/\/www.romnja-power.de\/?fbclid=IwAR0C8e7DWCz2qooNTFzjHGpvt3C8ydk2RJtR3-SmtJSCZtKS8_JmifGaVv4\">Romani Phen <\/a> <\/p>\n\n\n\n<p style=\"font-size:22px\"><strong>Blogs<\/strong><\/p>\n\n\n\n<p><strong>Kaiserinnenreich<\/strong><\/p>\n\n\n\n<p>Wie sieht Mutterschaft aus, wenn ein Kind (oder mehrere) eine Behinderung hat?<\/p>\n\n\n\n<p>Wir sind drei Frauen, M\u00fctter von insgesamt sieben Kindern. Einige mit und einige ohne Behinderung. Wir \u2013 B\u00e1rbara, Eszter, Jasmin \u2013 werden diesen Raum mit vielen Facetten dieses Themas f\u00fcllen. Mit Liebe und Ehrlichkeit. Mit Schwei\u00df und M\u00fcdigkeit. Mit existenziellen Fragen und Bed\u00fcrfnis von Unterst\u00fctzung. Mit sch\u00f6nen und erf\u00fcllenden Momenten. Mit Wut und Dringlichkeit. Mit der Musik von der Warteschlange der Hotlines der Krankenkassen als Ohrwurm. Und oft auch mit einem politischen Blick.<\/p>\n\n\n\n<p>Was uns hier zusammenbringt, ist nicht die gleiche Art der Behinderung unserer Kinder. Auch nicht die gleichen Erfahrungen in allen Situationen, die wir durch die Behinderung unserer Kinder erleben. Sondern das Wissen, dass wir einander brauchen.<\/p>\n\n\n\n<p>Mehr Infos unter <a href=\"http:\/\/kaiserinnenreich.de\/blog\/\">kaiserinnenreich.de<\/a><\/p>\n\n\n\n<p><strong>RomBlog Academy<\/strong> <a href=\"https:\/\/romblog.net\/\">https:\/\/romblog.net\/<\/a><\/p>\n\n\n\n<p><a href=\"https:\/\/www.flowertalkofficial.com\/about\">https:\/\/www.flowertalkofficial.com\/about<\/a> <\/p>\n\n\n\n<h2 class=\"wp-block-heading\" style=\"font-size:17px\">Shifting how we think about mental wellness.<\/h2>\n\n\n\n<p><strong>The FlowerTalk<\/strong> is a new concept, originated in Berlin, that facilitates and celebrates flowers, human interaction, mental wellness and connection, as well as creativity mentoring and floral artistic expression&#8230;<\/p>\n\n\n\n<p style=\"font-size:22px\"><strong><a href=\"https:\/\/de.gofundme.com\/f\/flowertalk-mental-wellness-city-guide\">FlowerTalk Mental Wellness City Guide<\/a> <\/strong><\/p>\n\n\n\n<p>The first intersectional work &amp; social club<br>for women* of colour in Germany.<\/p>\n\n\n\n<p style=\"font-size:22px\"><a href=\"https:\/\/biwoc-rising.org\/about\/\"><strong>BIWOC* RISING<\/strong><\/a><\/p>\n\n\n\n<p style=\"font-size:33px\"><strong>Festivals, Musik<\/strong><\/p>\n\n\n\n<p style=\"font-size:22px\"><strong><a href=\"https:\/\/afrofestival-hd.com\/\">Afro-Festival Heidelberg<\/a> <\/strong><\/p>\n\n\n\n<p>\u201eFestival organisiert von Schwarzen Menschen, f\u00fcr Schwarze Menschen in der Rhein Neckar Region und Deutschland.\u201c<\/p>\n\n\n\n<p style=\"font-size:22px\"><a href=\"https:\/\/www.awesometapes.com\/\"><strong>https:\/\/www.awesometapes.com\/<\/strong><\/a><\/p>\n\n\n\n<p>This is music you won\u2019t easily find anywhere else\u2014except, perhaps in its region of origin.<\/p>\n\n\n\n<p style=\"font-size:33px\"><strong>Queere Spaces<\/strong><\/p>\n\n\n\n<p style=\"font-size:22px\"><a href=\"https:\/\/afrorainbow.at\/\"><strong>afrorainbow Austria<\/strong><\/a><\/p>\n\n\n\n<figure class=\"wp-block-embed is-type-wp-embed is-provider-afrorainbowaustria wp-block-embed-afrorainbowaustria\"><div class=\"wp-block-embed__wrapper\">\n<blockquote class=\"wp-embedded-content\" data-secret=\"tLIG4O40w1\"><a href=\"https:\/\/afrorainbow.at\/\">News<\/a><\/blockquote><iframe loading=\"lazy\" class=\"wp-embedded-content\" sandbox=\"allow-scripts\" security=\"restricted\" style=\"position: absolute; clip: rect(1px, 1px, 1px, 1px);\" title=\"&#8222;News&#8220; &#8212; AfroRainbowAustria\" src=\"https:\/\/afrorainbow.at\/embed\/#?secret=dFYHcrIHZ9#?secret=tLIG4O40w1\" data-secret=\"tLIG4O40w1\" width=\"525\" height=\"296\" frameborder=\"0\" marginwidth=\"0\" marginheight=\"0\" scrolling=\"no\"><\/iframe>\n<\/div><\/figure>\n\n\n\n<p style=\"font-size:22px\"><a href=\"http:\/\/www.adefra.com\/\"><strong>http:\/\/www.adefra.com\/<\/strong><\/a><\/p>\n\n\n\n<p><strong>ADEFRA e. V.<\/strong> &#8211; Schwarze Frauen in Deutschland ist ein kulturpolitisches Forum von und f\u00fcr Schwarze Frauen<\/p>\n\n\n\n<p style=\"font-size:22px\"><strong>Zeitschriften<\/strong><\/p>\n\n\n\n<p style=\"font-size:22px\"><a href=\"https:\/\/www.sweetthangzine.com\/\">https:\/\/www.sweetthangzine.com\/<\/a><\/p>\n\n\n\n<p style=\"font-size:22px\"><a href=\"https:\/\/www.offtomag.com\/\">https:\/\/www.offtomag.com\/<\/a><\/p>\n\n\n\n<p style=\"font-size:22px\"><a href=\"https:\/\/rosa-mag.de\/\"><strong>Rosa-mag.de<\/strong><\/a><\/p>\n\n\n\n<h2 class=\"wp-block-heading\" style=\"font-size:17px\"><strong>RosaMag<\/strong> informiert, inspiriert und empowert Schwarze Frauen.<\/h2>\n\n\n\n<h5 class=\"wp-block-heading\" style=\"font-size:17px\">Wir bieten eine Plattform auf der sich Frauen \u00fcber Lifestyle, Beauty, kulturelle- und politische Themen informieren und gegenseitig vernetzen k\u00f6nnen.<\/h5>\n\n\n\n<p style=\"font-size:22px\"><a href=\"https:\/\/veto-mag.de\/\"><strong>https:\/\/veto-mag.de\/<\/strong><\/a><\/p>\n\n\n\n<p><a href=\"https:\/\/www.literarischediverse.de\/\"><\/a><a href=\"https:\/\/www.literarischediverse.de\/\">LITERARISCHE DIVERSE <\/a><\/p>\n\n\n\n<p style=\"font-size:30px\"> <strong>Schwarze Widerst\u00e4nde<\/strong><\/p>\n\n\n\n<p><strong>Initiative Schwarze Menschen in Deutschland (ISD)<\/strong><\/p>\n\n\n\n<p><a href=\"http:\/\/isdonline.de\/\">isdonline.de<\/a><\/p>\n\n\n\n<p><a href=\"https:\/\/www.bpb.de\/politik\/extremismus\/rechtsextremismus\/190332\/initiative-schwarze-menschen-in-deutschland-isd\">https:\/\/www.bpb.de\/politik\/extremismus\/rechtsextremismus\/190332\/initiative-schwarze-menschen-in-deutschland-isd<\/a><\/p>\n\n\n\n<p><a href=\"https:\/\/fasiajansen.tumblr.com\/\">https:\/\/fasiajansen.tumblr.com\/<\/a><\/p>\n\n\n\n<p><a href=\"https:\/\/www.instagram.com\/beheardffm\/?hl=de\">https:\/\/www.instagram.com\/beheardffm\/?hl=de<\/a><\/p>\n\n\n\n<p>Hier findet Ihr zum Thema &#8222;Afropean&#8220; weitere Infos<\/p>\n\n\n\n<p><strong>Johny Pitts<\/strong><\/p>\n\n\n\n<p>Afropean: Notes from Black Europe (english title)<\/p>\n\n\n\n<p><strong>\u201eAfrop\u00e4isch. Eine Reise durch das schwarze Europa\u201c<\/strong> (deutscher Titel)<br><a href=\"https:\/\/afropean.com\/\">afropean.com<\/a><\/p>\n\n\n\n<p style=\"font-size:22px\"><strong>Unterst\u00fctzung bei racial profiling<\/strong><\/p>\n\n\n\n<p><a href=\"https:\/\/copwatchffm.org\/\">https:\/\/copwatchffm.org\/<\/a><\/p>\n\n\n\n<p style=\"font-size:22px\"><strong>Andere Bibliotheken<\/strong><\/p>\n\n\n\n<p><strong>readwheel<\/strong><\/p>\n\n\n\n<p>We&#8217;re a <strong>mobile diverse children&#8217;s library<\/strong>. Our nonprofit organization was created to advocate increased access to diverse literature for children. We promote books to reflect &amp; honor the lives of every child in every family. Visit: <a href=\"https:\/\/readwheel.libib.com\/\">readwheel<\/a><\/p>\n\n\n\n<p><\/p>\n\n\n\n<p><strong>Belinda Kazeem-Kaminski  <\/strong>                                                                      ein*e K\u00fcnstler*in die\/der in Wien eine Bibliothek gr\u00fcndete. Zu Finden unter <a href=\"https:\/\/belindakazeem.com\/lor\/\"><strong>library of requests<\/strong><\/a><\/p>\n\n\n\n<p style=\"font-size:44px\"><strong>SichtBar Decolonizing<\/strong><\/p>\n\n\n\n<p style=\"font-size:44px\"><strong>Black History<\/strong><\/p>\n\n\n\n<p>Black History Month in Britain: Great women you should know about<\/p>\n\n\n\n<p><a href=\"https:\/\/www.bbc.co.uk\/newsround\/41433196\">https:\/\/www.bbc.co.uk\/newsround\/41433196<\/a><\/p>\n\n\n\n<p style=\"font-size:22px\"><a href=\"https:\/\/blackhistorystudies.wordpress.com\/\"><strong>https:\/\/blackhistorystudies.wordpress.com\/<\/strong><\/a><\/p>\n\n\n\n<p><strong>Schwarze Geschichte: Die vergessene Geschichte der Schwarzen in Gro\u00dfbritannien<\/strong><\/p>\n\n\n\n<p><a href=\"https:\/\/www.bbc.co.uk\/newsround\/48786804\">https:\/\/www.bbc.co.uk\/newsround\/48786804<\/a><\/p>\n\n\n\n<figure class=\"wp-block-embed is-type-wp-embed is-provider-metro wp-block-embed-metro\"><div class=\"wp-block-embed__wrapper\">\n<blockquote class=\"wp-embedded-content\" data-secret=\"OpJfzBMbla\"><a href=\"https:\/\/metro.co.uk\/2018\/10\/31\/meet-varaidzo-the-woman-using-instagram-to-teach-black-british-history-8092647\/\">Meet Varaidzo, the woman using Instagram to teach Black British history<\/a><\/blockquote><iframe loading=\"lazy\" class=\"wp-embedded-content\" sandbox=\"allow-scripts\" security=\"restricted\" style=\"position: absolute; clip: rect(1px, 1px, 1px, 1px);\" title=\"&#8220;Meet Varaidzo, the woman using Instagram to teach Black British history&#8221; &#8212; Metro\" src=\"https:\/\/metro.co.uk\/2018\/10\/31\/meet-varaidzo-the-woman-using-instagram-to-teach-black-british-history-8092647\/embed\/#?secret=oltCb7o0mD#?secret=OpJfzBMbla\" data-secret=\"OpJfzBMbla\" width=\"525\" height=\"296\" frameborder=\"0\" marginwidth=\"0\" marginheight=\"0\" scrolling=\"no\"><\/iframe>\n<\/div><figcaption><a href=\"https:\/\/www.instagram.com\/blackbritishfigures\/?hl=en\">@blackbritishfigures<\/a><\/figcaption><\/figure>\n\n\n\n<p class=\"has-large-font-size\"><strong>I AM NOT YOUR NEGRO | Trailer deutsch german<\/strong><\/p>\n\n\n\n<figure class=\"wp-block-embed is-type-video is-provider-youtube wp-block-embed-youtube wp-embed-aspect-16-9 wp-has-aspect-ratio\"><div class=\"wp-block-embed__wrapper\">\n<iframe loading=\"lazy\" title=\"I AM NOT YOUR NEGRO | Trailer deutsch german [HD]\" width=\"525\" height=\"295\" src=\"https:\/\/www.youtube.com\/embed\/12B41V1HSzs?feature=oembed\" frameborder=\"0\" allow=\"accelerometer; autoplay; clipboard-write; encrypted-media; gyroscope; picture-in-picture; web-share\" referrerpolicy=\"strict-origin-when-cross-origin\" allowfullscreen><\/iframe>\n<\/div><\/figure>\n\n\n\n<p>Frantz Fanon und sein Buch&nbsp;<em>Die Verdammten dieser Erde<\/em><\/p>\n\n\n\n<p><a href=\"https:\/\/www.bpb.de\/gesellschaft\/bildung\/filmbildung\/193512\/frantz-fanon-die-verdammten-dieser-erde\">https:\/\/www.bpb.de\/gesellschaft\/bildung\/filmbildung\/193512\/frantz-fanon-die-verdammten-dieser-erde<\/a><\/p>\n\n\n\n<h4 class=\"has-normal-font-size wp-block-heading\">Madgermanes<\/h4>\n\n\n\n<p><a href=\"https:\/\/www.avant-verlag.de\/artist\/birgit-weyhe\/\">Birgit Weyhe<\/a><\/p>\n\n\n\n<p>Von 1979 bis 1991 waren ca. 20.000 Vertragsarbeiter*innen aus Mosambik in der DDR besch\u00e4ftigt.&nbsp;<\/p>\n\n\n\n<h1 class=\"wp-block-heading\" style=\"font-size:26px\">Die Geschichte der &#8222;afro look&#8220;<\/h1>\n\n\n\n<p>&#8218;<strong>In den zw\u00f6lf Jahren ihres Erscheinens hat die Zeitung &#8222;afro look&#8220; Schwarze Geschichte beschrieben und mitbestimmt. Sehr pers\u00f6nliche Gedichte und Erz\u00e4hlungen spiegelten das ganze Repertoire k\u00fcnstlerischer Begabung, aber auch pers\u00f6nlicher Verletzungen wider. F\u00fcr viele Autoren bedeutete die Ver\u00f6ffentlichung ihrer Texte einen wichtigen Schritt zur Identit\u00e4tsfindung.<\/strong>&#8218; Jeannine Kantara<\/p>\n\n\n\n<p><a href=\"https:\/\/www.bpb.de\/gesellschaft\/migration\/afrikanische-diaspora\/59493\/zeitschrift-afro-look\">https:\/\/www.bpb.de\/gesellschaft\/migration\/afrikanische-diaspora\/59493\/zeitschrift-afro-look<\/a><\/p>\n\n\n\n<p><strong>afroeurope international blog <\/strong><a href=\"http:\/\/afroeurope.blogspot.com\/2013\/06\/meet-black-british-afropolitan-writers.html\">http:\/\/afroeurope.blogspot.com\/2013\/06\/meet-black-british-afropolitan-writers.html<\/a><\/p>\n\n\n\n<p style=\"font-size:22px\"><strong>Books<\/strong><\/p>\n\n\n\n<p style=\"font-size:18px\"><br>Imagine Being More Afraid of Freedom Than Slavery: Poems               by <strong>Pamela Sneed<\/strong> <\/p>\n\n\n\n<p>Biskaya (Roman) Quasi (Novelle) <a href=\"https:\/\/schwarzrund.de\/\"><strong>schwarzrund<\/strong><\/a><\/p>\n\n\n\n<p>quem tem medo do feminismo negro? <a href=\"https:\/\/linktr.ee\/djamilaribeiro\"><strong>Djamila Ribeiro<\/strong><\/a><\/p>\n\n\n\n<p><strong>Bell Hooks<\/strong> <a href=\"http:\/\/www.bellhooksinstitute.com\/\">http:\/\/www.bellhooksinstitute.com\/<\/a><\/p>\n\n\n\n<p>What a time to be alone! Releasing the fear of being alone.          <a href=\"https:\/\/www.youtube.com\/watch?v=babcNWX64yM\">Chidera Eggerue <\/a> <a href=\"http:\/\/www.theslumflower.com\">http:\/\/www.theslumflower.com<\/a><\/p>\n\n\n\n<p><strong>Toni Morrison<\/strong> wurde 1931 in Lorain, Ohio, geboren. Sie\/Er studierte an der renommierten Cornell University Anglistik und hatte an der Princeton University eine Professur f\u00fcr afroamerikanische Literatur inne. Zu ihren\/seinen bedeutendsten Werken z\u00e4hlen \u00abSehr blaue Augen\u00bb, \u00abSolomons Lied\u00bb \u00abMenschenkind\u00bb, \u00abJazz\u00bb, \u00abParadies\u00bb und diverse Essaysammlungen.<\/p>\n\n\n\n<h2 class=\"wp-block-heading\" style=\"font-size:18px\">Black BritishWomen Writers<\/h2>\n\n\n\n<p style=\"font-size:18px\">Die Website der Black British Women Writers soll die Diskussion \u00fcber die literarische Kunst von in Gro\u00dfbritannien lebenden Schriftsteller*innen afrikanischer und afrikanisch-karibischer Herkunft sichtBarer machen.<\/p>\n\n\n\n<p style=\"font-size:14px\">(Textquelle: Prof. Dr. Elisabeth Bekers)<\/p>\n\n\n\n<p style=\"font-size:14px\"><a href=\"https:\/\/www.vub.be\/TALK\/BBWW\/index.php?s=writers\">https:\/\/www.vub.be\/TALK\/BBWW\/index.php?s=writers<\/a><\/p>\n\n\n\n<p style=\"font-size:22px\"><a href=\"https:\/\/www.google.com\/search?rlz=1C1JPGB_enDE926DE926&amp;sxsrf=ALeKk01v1C6Zmgm1Qi7J3V1vmbbLm7IJcw:1609888616988&amp;q=black+own+business&amp;spell=1&amp;sa=X&amp;ved=2ahUKEwiKv5K59oXuAhVbwAIHHW0SDPUQkeECKAB6BAgVEDU\"><strong>black own business<\/strong><\/a><\/p>\n\n\n\n<figure class=\"wp-block-embed is-type-wp-embed is-provider-afrobusinessregister wp-block-embed-afrobusinessregister\"><div class=\"wp-block-embed__wrapper\">\nhttps:\/\/afrobusinessregister.com\/\n<\/div><\/figure>\n\n\n\n<figure class=\"wp-block-embed is-type-wp-embed is-provider-afroplus wp-block-embed-afroplus\"><div class=\"wp-block-embed__wrapper\">\n<blockquote class=\"wp-embedded-content\" data-secret=\"nJktRV2tIo\"><a href=\"https:\/\/afroplus.de\/\">Homepage<\/a><\/blockquote><iframe loading=\"lazy\" class=\"wp-embedded-content\" sandbox=\"allow-scripts\" security=\"restricted\" style=\"position: absolute; clip: rect(1px, 1px, 1px, 1px);\" title=\"&#8220;Homepage&#8221; &#8212; AfroPlus\" src=\"https:\/\/afroplus.de\/embed\/#?secret=u7L9cgLmTo#?secret=nJktRV2tIo\" data-secret=\"nJktRV2tIo\" width=\"525\" height=\"296\" frameborder=\"0\" marginwidth=\"0\" marginheight=\"0\" scrolling=\"no\"><\/iframe>\n<\/div><\/figure>\n\n\n\n<p><a href=\"https:\/\/www.styleindi.com\/hair-stylist-cover\">https:\/\/www.styleindi.com\/hair-stylist-cover<\/a><\/p>\n\n\n\n<p><a href=\"https:\/\/nymag.com\/strategist\/article\/black-owned-businesses-support-shop.html\">https:\/\/nymag.com\/strategist\/article\/black-owned-businesses-support-shop.html<\/a><\/p>\n\n\n\n<p><a href=\"https:\/\/www.instyle.de\/lifestyle\/deutsche-black-owned-businesses-mode-beauty-nachhaltig-fair\">https:\/\/www.instyle.de\/lifestyle\/deutsche-black-owned-businesses-mode-beauty-nachhaltig-fair<\/a><\/p>\n\n\n\n<p><a href=\"https:\/\/webuyblack.com\/\">https:\/\/webuyblack.com\/<\/a><\/p>\n\n\n\n<p><a href=\"https:\/\/www.supportblackowned.com\/\">https:\/\/www.supportblackowned.com\/<\/a><\/p>\n","protected":false},"excerpt":{"rendered":"<p>Infos I Schnittstelle I Links I Adressen auf dieser Seite findet Ihr jede menge Infos. Die Seite wird stetig erweitert. Liebe Gr\u00fc\u00dfe Eure SichtBar Links https:\/\/wortmoment.webnode.com\/ Safer Spaces\/ Adressen\/ Vereine\/ Empowerment f\u00fcr BIPoCs Vereine https:\/\/www.eoto-archiv.de\/ Each One Teach One (EOTO) e.V.&nbsp;ist ein Community-basiertes Bildungs- und Empowerment-Projekt in Berlin. Im Jahr 2012 gegr\u00fcndet, er\u00f6ffnete der Verein &hellip; <\/p>\n<p class=\"link-more\"><a href=\"https:\/\/ukkodemakka.de\/?page_id=783\" class=\"more-link\"><span class=\"screen-reader-text\">\u201eSichtBarkeit\u201c <\/span>weiterlesen<\/a><\/p>\n","protected":false},"author":1,"featured_media":0,"parent":0,"menu_order":0,"comment_status":"closed","ping_status":"closed","template":"","meta":{"footnotes":""},"class_list":["post-783","page","type-page","status-publish","hentry"],"_links":{"self":[{"href":"https:\/\/ukkodemakka.de\/index.php?rest_route=\/wp\/v2\/pages\/783"}],"collection":[{"href":"https:\/\/ukkodemakka.de\/index.php?rest_route=\/wp\/v2\/pages"}],"about":[{"href":"https:\/\/ukkodemakka.de\/index.php?rest_route=\/wp\/v2\/types\/page"}],"author":[{"embeddable":true,"href":"https:\/\/ukkodemakka.de\/index.php?rest_route=\/wp\/v2\/users\/1"}],"replies":[{"embeddable":true,"href":"https:\/\/ukkodemakka.de\/index.php?rest_route=%2Fwp%2Fv2%2Fcomments&post=783"}],"version-history":[{"count":30,"href":"https:\/\/ukkodemakka.de\/index.php?rest_route=\/wp\/v2\/pages\/783\/revisions"}],"predecessor-version":[{"id":980,"href":"https:\/\/ukkodemakka.de\/index.php?rest_route=\/wp\/v2\/pages\/783\/revisions\/980"}],"wp:attachment":[{"href":"https:\/\/ukkodemakka.de\/index.php?rest_route=%2Fwp%2Fv2%2Fmedia&parent=783"}],"curies":[{"name":"wp","href":"https:\/\/api.w.org\/{rel}","templated":true}]}}