{"id":34,"date":"2020-11-07T12:42:16","date_gmt":"2020-11-07T12:42:16","guid":{"rendered":"https:\/\/ukkodemakka.de\/?page_id=34"},"modified":"2024-06-13T11:10:47","modified_gmt":"2024-06-13T11:10:47","slug":"biography","status":"publish","type":"page","link":"https:\/\/ukkodemakka.de\/?page_id=34","title":{"rendered":"Biography"},"content":{"rendered":"\n<p style=\"font-size:18px\">FrauHerr<\/p>\n\n\n\n<p style=\"font-size:18px\">1987 geboren in Frankfurt am Main, Deutschland. Lebt und arbeitet in Berlin.<\/p>\n\n\n\n<p><strong>2023<\/strong> Studienaufnahme am IfKiK Institut f\u00fcr Kunst im Kontext (UDK), Berlin                                bei Karina Griffith<\/p>\n\n\n\n<p>2022 Gasth\u00f6rer*in am IfKiK Institut f\u00fcr Kunst im Kontext (UDK), Berlin bei Danja Erni<\/p>\n\n\n\n<p style=\"font-size:16px\">2016 &#8211; 2019 Atelierstudium in der Bildhauer-Klasse bei Prof. Tamara Grcic.<br>2013 &#8211; 2016 Atelierstudium in der Malerei-Klasse bei Prof. Anne Berning<br>2012 &#8211; 2013 Atelierstudium beim Prof. Thomas Schmidt<br>seit 2012 Kunststudium an der Kunsthochschule, Mainz<\/p>\n\n\n\n<p style=\"font-size:16px\">2006 &#8211; 2010 Studium der Sozialen Arbeit Hochschule Darmstadt<\/p>\n\n\n\n<p><\/p>\n\n\n\n<p><\/p>\n\n\n\n<p class=\"has-large-font-size\"><strong>Aktuelle Ausstellung<\/strong><\/p>\n\n\n\n<p class=\"has-medium-font-size\"><strong>Juni 2024 <\/strong>Das ist kolonial <a href=\"https:\/\/zeche-zollern.lwl.org\/de\/ausstellungen\/das-ist-kolonial\/#myCarousel\" data-type=\"link\" data-id=\"https:\/\/zeche-zollern.lwl.org\/de\/ausstellungen\/das-ist-kolonial\/#myCarousel\">Westfalens (un)sichtbares Erbe<\/a>           14.06.2024 \u2013 26.10.2025 LWL-Museum Zeche Zollern Dortmund<\/p>\n\n\n\n<p style=\"font-size:18px\"><br><\/p>\n\n\n\n<p><\/p>\n\n\n\n<p style=\"font-size:18px\"><strong>Gruppenausstellungen<\/strong><\/p>\n\n\n\n<p><strong>2024<\/strong> Das ist kolonial <a href=\"https:\/\/zeche-zollern.lwl.org\/de\/ausstellungen\/das-ist-kolonial\/#myCarousel\" data-type=\"link\" data-id=\"https:\/\/zeche-zollern.lwl.org\/de\/ausstellungen\/das-ist-kolonial\/#myCarousel\">Westfalens (un)sichtbares Erbe<\/a> 14.06.2024 \u2013 26.10.2025 Dortmund Zeche Zollern<\/p>\n\n\n\n<p><strong>2024 <\/strong>Ladylibertylibrary 20 M\u00e4rz 2024 in the dream house with. reading group session Anguezomo MBA Biker @nbikoro @wewhomovetheworldforward and @sichtbar2018<\/p>\n\n\n\n<p style=\"font-size:16px\"><strong>2024 <\/strong>We Who Move The World Forward \u2013 Voices of resistance in Germany\u2019s migration histories PANEL DISCUSSIONS, RADIO SHOW, LIVE PERFORMANCES, EXHIBITION &amp; WORKSHOPS Berlin Kunsthaus ACUD <br>2.2. \u2013 10.3.2024 (9.3. finissage) ACUD Galerie gef\u00f6rdert durch: Hauptstadtkulturfonds Berlin<br><\/p>\n\n\n\n<p style=\"font-size:16px\"><strong>2023<\/strong> 17. M\u00e4rz &#8211; 15. Oktober SichtBar2018 in der Ausstellungswerkstatt \u201eDas ist kolonial\u201c im LWL- Museum Zeche Z\u00f6llern, Grubenweg 5, 44388 Dortmund<\/p>\n\n\n\n<p style=\"font-size:16px\"><strong>2022<\/strong>  November SichtBar2018 at Tanzfabrik Berlin <a href=\"https:\/\/www.tanzfabrik-berlin.de\/en\/feminist-futures-festival\">FEMINIST FUTURES FESTIVAL<\/a> Part 2<\/p>\n\n\n\n<p style=\"font-size:16px\"><strong>2022<\/strong> Oktober SichtBar2018 at &#8222;The Shelf&#8220;  <a href=\"https:\/\/www.sprengel-museum.de\/museum\/aktuelles\/the-shelf\">Sprengel Museum Hannover<\/a><\/p>\n\n\n\n<p style=\"font-size:16px\">Instagram @theshelf_platform<\/p>\n\n\n\n<p style=\"font-size:16px\"><strong>2022<\/strong>  September SichtBar2018 at Tanzfabrik Berlin <a href=\"https:\/\/www.tanzfabrik-berlin.de\/de\/feminist-school-berlin-part-1\">FEMINIST FUTURES FESTIVAL Part 1 <\/a><\/p>\n\n\n\n<p style=\"font-size:16px\"><\/p>\n\n\n\n<p style=\"font-size:16px\"><strong>2022<\/strong> Residenz der Sichtbar2018 in der Fasiathek Hamburg, Altona<\/p>\n\n\n\n<p style=\"font-size:16px\"><a href=\"https:\/\/arca-ev.de\/die-fasiathek\/\" data-type=\"URL\" data-id=\"https:\/\/arca-ev.de\/die-fasiathek\/\" target=\"_blank\" rel=\"noreferrer noopener\">Fasiathek<\/a><\/p>\n\n\n\n<p style=\"font-size:16px\"><br><strong>2021<\/strong> SichtBar \u201eHidden in Plain Sight\u201c, Labor, Weltkulturen Museum Frankfurt am Main<\/p>\n\n\n\n<p style=\"font-size:16px\"><a href=\"https:\/\/www.weltkulturenmuseum.de\/de\/ausstellungen\/archiv\/?ausstellung=hips\">https:\/\/www.weltkulturenmuseum.de\/de\/ausstellungen\/archiv\/?ausstellung=hips<\/a><\/p>\n\n\n\n<p style=\"font-size:16px\"><br><strong>2020<\/strong> SichtBar &#8222;Ich sehe was, was Du nicht siehst. Rassismus, Widerstand und Empowerment&#8220; Stadtlabor, Historisches Museum Frankfurt am Main<\/p>\n\n\n\n<p style=\"font-size:16px\"><a href=\"https:\/\/www.historisches-museum-frankfurt.de\/de\/stadtlabor\/de\/ichsehewaswasdunichtsiehst\">https:\/\/www.historisches-museum-frankfurt.de\/de\/stadtlabor\/de\/ichsehewaswasdunichtsiehst<\/a><\/p>\n\n\n\n<p style=\"font-size:16px\"><strong>2019<\/strong> SichtBar Mainzer Wochen gegen Rassismus, Offspace Mainz<\/p>\n\n\n\n<p style=\"font-size:16px\"><a href=\"https:\/\/www.facebook.com\/MzgegenRassismus\/\" data-type=\"URL\" data-id=\"https:\/\/www.facebook.com\/MzgegenRassismus\/\">https:\/\/www.facebook.com\/MzgegenRassismus\/<\/a>     <\/p>\n\n\n\n<p style=\"font-size:16px\"><strong>2019<\/strong> Entstehung der<strong> SichtBar<\/strong>&nbsp;<strong>Filiale<\/strong> Mainz. <strong>Dauerausstellung<\/strong> Carmen M\u00f6rsch kaufte f\u00fcr die Kunstdidaktik eine Tochterfiliale f\u00fcr die Mainzer Kunsthochschule an. Weitere Infos unter<a href=\"https:\/\/kunsthochschule-mainz.de\/kunsthochschule\/lehre\/kunstdidaktik\/forschung-und-projekte\/die-sichtbar-filiale\/\" data-type=\"URL\" data-id=\"https:\/\/kunsthochschule-mainz.de\/kunsthochschule\/lehre\/kunstdidaktik\/forschung-und-projekte\/die-sichtbar-filiale\/\"> <strong>SichtBar<\/strong>&nbsp;<strong>Filiale<\/strong> <\/a>            <\/p>\n\n\n\n<p style=\"font-size:16px\"><strong>2018<\/strong>  Tank Performance<a rel=\"noreferrer noopener\" href=\"https:\/\/kunsthochschule-mainz.de\/2018\/09\/how-to-touch-an-airport-gently\/\" data-type=\"URL\" data-id=\"https:\/\/kunsthochschule-mainz.de\/2018\/09\/how-to-touch-an-airport-gently\/\" target=\"_blank\"> how-to-touch-an-airport-gently<\/a>\/ Frankfurt Flughafen<\/p>\n\n\n\n<p style=\"font-size:16px\"><strong>2018<\/strong> Gr\u00fcndung der SichtBar <a href=\"https:\/\/www.instagram.com\/sichtbar2018\/\" data-type=\"URL\" data-id=\"https:\/\/www.instagram.com\/sichtbar2018\/\">#sichtbar2018<\/a><\/p>\n\n\n\n<p style=\"font-size:16px\"><strong>2016<\/strong> artist residency antropical FrauHerr <\/p>\n\n\n\n<p style=\"font-size:16px\"><a href=\"https:\/\/www.antropical.com\/2016-art-vs-nature\">https:\/\/www.antropical.com\/2016-art-vs-nature<\/a><\/p>\n\n\n\n<p style=\"font-size:16px\"><br><strong>2016<\/strong> Omgang Performance, PENG | SPUREN VON AU\u00dfERIRDISCHEN IN AFRIKA UND EUROPA, KAISER&amp;CREAM Galerie, Wiesbaden<\/p>\n\n\n\n<p style=\"font-size:16px\"><strong>2016<\/strong> Cut &amp; Go Performance, Cafe Pf\u00f6rtner, Berlin<\/p>\n\n\n\n<p style=\"font-size:16px\"><strong>2015<\/strong> Day to soon, Cosmic Latte, NKV, Wiesbaden<\/p>\n\n\n\n<p style=\"font-size:16px\"><strong>2015<\/strong> Fiur Performance, Pandora- Container, Planke Nord, Mainz<\/p>\n\n\n\n<p style=\"font-size:16px\"><strong>2015<\/strong> i want to break free Installation, Inferno Galactio, KuBa &#8211; Kulturzentrum am EuroBahnhof, Saarbr\u00fccken<\/p>\n\n\n\n<p style=\"font-size:16px\"><strong>2015<\/strong> Fiur Performance, Lichtcampus, Zentrum f\u00fcr Internationale Lichtkunst, Hamburg<\/p>\n\n\n\n<p style=\"font-size:16px\"><strong>2000 -2020<\/strong> Daueraustellung Galerie 13, Wiesbaden<\/p>\n","protected":false},"excerpt":{"rendered":"<p>FrauHerr 1987 geboren in Frankfurt am Main, Deutschland. Lebt und arbeitet in Berlin. 2023 Studienaufnahme am IfKiK Institut f\u00fcr Kunst im Kontext (UDK), Berlin bei Karina Griffith 2022 Gasth\u00f6rer*in am IfKiK Institut f\u00fcr Kunst im Kontext (UDK), Berlin bei Danja Erni 2016 &#8211; 2019 Atelierstudium in der Bildhauer-Klasse bei Prof. Tamara Grcic.2013 &#8211; 2016 Atelierstudium &hellip; <\/p>\n<p class=\"link-more\"><a href=\"https:\/\/ukkodemakka.de\/?page_id=34\" class=\"more-link\"><span class=\"screen-reader-text\">\u201eBiography\u201c <\/span>weiterlesen<\/a><\/p>\n","protected":false},"author":1,"featured_media":0,"parent":0,"menu_order":0,"comment_status":"closed","ping_status":"closed","template":"","meta":{"footnotes":""},"class_list":["post-34","page","type-page","status-publish","hentry"],"_links":{"self":[{"href":"https:\/\/ukkodemakka.de\/index.php?rest_route=\/wp\/v2\/pages\/34","targetHints":{"allow":["GET"]}}],"collection":[{"href":"https:\/\/ukkodemakka.de\/index.php?rest_route=\/wp\/v2\/pages"}],"about":[{"href":"https:\/\/ukkodemakka.de\/index.php?rest_route=\/wp\/v2\/types\/page"}],"author":[{"embeddable":true,"href":"https:\/\/ukkodemakka.de\/index.php?rest_route=\/wp\/v2\/users\/1"}],"replies":[{"embeddable":true,"href":"https:\/\/ukkodemakka.de\/index.php?rest_route=%2Fwp%2Fv2%2Fcomments&post=34"}],"version-history":[{"count":25,"href":"https:\/\/ukkodemakka.de\/index.php?rest_route=\/wp\/v2\/pages\/34\/revisions"}],"predecessor-version":[{"id":1180,"href":"https:\/\/ukkodemakka.de\/index.php?rest_route=\/wp\/v2\/pages\/34\/revisions\/1180"}],"wp:attachment":[{"href":"https:\/\/ukkodemakka.de\/index.php?rest_route=%2Fwp%2Fv2%2Fmedia&parent=34"}],"curies":[{"name":"wp","href":"https:\/\/api.w.org\/{rel}","templated":true}]}}